{"id":586,"date":"2018-06-12T12:29:55","date_gmt":"2018-06-12T11:29:55","guid":{"rendered":"http:\/\/dentalber.anteva.info\/?page_id=586"},"modified":"2023-03-02T12:05:03","modified_gmt":"2023-03-02T10:05:03","slug":"empresa","status":"publish","type":"page","link":"https:\/\/dentalber.es\/?page_id=586","title":{"rendered":"Empresa"},"content":{"rendered":"<p>[vc_row][vc_column width=\u00bb1\/6&#8243;][\/vc_column][vc_column width=\u00bb2\/3&#8243;][vc_column_text css_animation=\u00bbfadeInUp\u00bb]<\/p>\n<h2 style=\"text-align: center;\">Historia<\/h2>\n<p>[\/vc_column_text][vc_column_text css_animation=\u00bbfadeIn\u00bb]<\/p>\n<p style=\"text-align: justify;\">En el a\u00f1o 1990 comenzamos nuestra andadura en el mundo de la pr\u00f3tesis dental montando nuestro laboratorio en el que prest\u00e1bamos nuestros\u00a0 servicios a odont\u00f3logos de toda la provincia. Tras una d\u00e9cada de experiencia damos el salto a la odontolog\u00eda para poder dar al paciente un trato m\u00e1s r\u00e1pido y cercano. Para lograrlo siempre tuvimos presente que hab\u00eda que formar un equipo valido de profesionales, siendo pioneros en prestar un servicio especializado en todas las ramas de la odontolog\u00eda. Incorporamos a nuestra selecci\u00f3n a odont\u00f3logos experimentados con formaci\u00f3n y m\u00e1steres en ortodoncia, endodoncia, periodoncia e implantes. Hoy esto parece muy f\u00e1cil, pero antes eran pocos los odont\u00f3logos especializados y generalmente eran las cl\u00ednicas las que derivaban al paciente a su consulta, pero nosotros hicimos que fuesen ellos los que viniesen a la nuestra para prestar sus servicios a nuestros pacientes. Con esto conseguimos una mejora en la calidad que nada ten\u00edamos que envidiar a los profesionales mas prestigiosos.<\/p>\n<p style=\"text-align: justify;\">Mas tarde incorporamos medicina y cirug\u00eda maxilofacial y ahora medicina est\u00e9tica facial, todo ello sin descuidar nuestras ra\u00edces que son la pr\u00f3tesis dental, desde la mas simple reparaci\u00f3n, haci\u00e9ndolo en tiempo record, hasta los trabajos mas sofisticados sobre implantes, para los que una vez mas nos aliamos con la empresa mas puntera en la elaboraci\u00f3n de estructuras cad-cam (por ordenador) CREATECH MEDICAL,\u00a0 a rehabilitaciones est\u00e9ticas del mas alto nivel de exigencia.<\/p>\n<p style=\"text-align: justify;\">Siguiendo con esta trayectoria y con el af\u00e1n que nos caracteriza en ser pioneros e innovar asumimos un nuevo reto adem\u00e1s de\u00a0 la mejora en las instalaciones y la modernizaci\u00f3n de las mismas lanzamos un nuevo servicio de MEDICINA EST\u00c9TICA FACIAL, que es algo que venimos echando de menos para completar nuestros tratamientos est\u00e9ticos m\u00e1s exigentes. Incorporamos al equipo un nuevo profesional\u00a0 M\u00c9DICO ESPECIALISTA EN MEDICINA MAXILOFACIAL Y EST\u00c9TICA. Estos tratamientos del resto se llevaran a cabo en un\u00a0 consultorio-quir\u00f3fano dotado espec\u00edficamente para esta labor.<\/p>\n<p style=\"text-align: justify;\">Despu\u00e9s de 30 a\u00f1os de andadura seguimos asumiendo nuestro compromiso diario de dar a nuestros pacientes el mejor servicio y la mejor calidad. Para ello damos las gracias a un gran equipo de profesionales de los que tenemos el honor de contar y los que disfrutamos cada d\u00eda de nuestra existencia. En esta amplia trayectoria fue un honor haber contado con algunos profesionales tanto empleados como colaboradores de los que hemos aprendido mucho y sin lo cual esto no hubiese sido posible. Para cerrar este c\u00edrculo nos queda dar las gracias a los m\u00e1s de 10.000 pacientes que han confiado en nosotros y siguen haci\u00e9ndolo hoy en d\u00eda.<\/p>\n<p style=\"text-align: justify;\">Ah\u00ed queda nuestro compromiso por el buen hacer de nuestro trabajo, con \u00e9tica y total honestidad anteponiendo la salud y bienestar de los pacientes a los que nos debemos ante cualquier otro inter\u00e9s.<\/p>\n<p style=\"text-align: justify;\">Esperamos estar a vuestra altura.<\/p>\n<p style=\"text-align: justify;\">Gracias<\/p>\n<p style=\"text-align: justify;\">\u00c1ngel Gund\u00edn y Pilar Carracedo.<\/p>\n<p>[\/vc_column_text][vc_single_image image=\u00bb924&#8243; img_size=\u00bblarge\u00bb][\/vc_column][vc_column width=\u00bb1\/6&#8243;][\/vc_column][\/vc_row]<\/p>\n","protected":false},"excerpt":{"rendered":"<p>[vc_row][vc_column width=\u00bb1\/6&#8243;][\/vc_column][vc_column width=\u00bb2\/3&#8243;][vc_column_text css_animation=\u00bbfadeInUp\u00bb] Historia [\/vc_column_text][vc_column_text css_animation=\u00bbfadeIn\u00bb] En el a\u00f1o 1990 comenzamos nuestra andadura en el mundo de la pr\u00f3tesis dental montando nuestro laboratorio en el que prest\u00e1bamos nuestros\u00a0 servicios a odont\u00f3logos de toda la provincia. Tras una d\u00e9cada de experiencia damos el salto a la odontolog\u00eda para poder dar al paciente un trato m\u00e1s [&hellip;]<\/p>\n","protected":false},"author":1,"featured_media":598,"parent":30,"menu_order":0,"comment_status":"closed","ping_status":"closed","template":"","meta":{"footnotes":""},"class_list":["post-586","page","type-page","status-publish","has-post-thumbnail","hentry"],"_links":{"self":[{"href":"https:\/\/dentalber.es\/index.php?rest_route=\/wp\/v2\/pages\/586","targetHints":{"allow":["GET"]}}],"collection":[{"href":"https:\/\/dentalber.es\/index.php?rest_route=\/wp\/v2\/pages"}],"about":[{"href":"https:\/\/dentalber.es\/index.php?rest_route=\/wp\/v2\/types\/page"}],"author":[{"embeddable":true,"href":"https:\/\/dentalber.es\/index.php?rest_route=\/wp\/v2\/users\/1"}],"replies":[{"embeddable":true,"href":"https:\/\/dentalber.es\/index.php?rest_route=%2Fwp%2Fv2%2Fcomments&post=586"}],"version-history":[{"count":7,"href":"https:\/\/dentalber.es\/index.php?rest_route=\/wp\/v2\/pages\/586\/revisions"}],"predecessor-version":[{"id":1166,"href":"https:\/\/dentalber.es\/index.php?rest_route=\/wp\/v2\/pages\/586\/revisions\/1166"}],"up":[{"embeddable":true,"href":"https:\/\/dentalber.es\/index.php?rest_route=\/wp\/v2\/pages\/30"}],"wp:featuredmedia":[{"embeddable":true,"href":"https:\/\/dentalber.es\/index.php?rest_route=\/wp\/v2\/media\/598"}],"wp:attachment":[{"href":"https:\/\/dentalber.es\/index.php?rest_route=%2Fwp%2Fv2%2Fmedia&parent=586"}],"curies":[{"name":"wp","href":"https:\/\/api.w.org\/{rel}","templated":true}]}}

<p>[vc_row][vc_column width=»1/6&#8243;][/vc_column][vc_column width=»2/3&#8243;][vc_column_text css_animation=»fadeInUp»]</p>
<h2 style="text-align: center;">Historia</h2>
<p>[/vc_column_text][vc_column_text css_animation=»fadeIn»]</p>
<p style="text-align: justify;">En el año 1990 comenzamos nuestra andadura en el mundo de la prótesis dental montando nuestro laboratorio en el que prestábamos nuestros  servicios a odontólogos de toda la provincia. Tras una década de experiencia damos el salto a la odontología para poder dar al paciente un trato más rápido y cercano. Para lograrlo siempre tuvimos presente que había que formar un equipo valido de profesionales, siendo pioneros en prestar un servicio especializado en todas las ramas de la odontología. Incorporamos a nuestra selección a odontólogos experimentados con formación y másteres en ortodoncia, endodoncia, periodoncia e implantes. Hoy esto parece muy fácil, pero antes eran pocos los odontólogos especializados y generalmente eran las clínicas las que derivaban al paciente a su consulta, pero nosotros hicimos que fuesen ellos los que viniesen a la nuestra para prestar sus servicios a nuestros pacientes. Con esto conseguimos una mejora en la calidad que nada teníamos que envidiar a los profesionales mas prestigiosos.</p>
<p style="text-align: justify;">Mas tarde incorporamos medicina y cirugía maxilofacial y ahora medicina estética facial, todo ello sin descuidar nuestras raíces que son la prótesis dental, desde la mas simple reparación, haciéndolo en tiempo record, hasta los trabajos mas sofisticados sobre implantes, para los que una vez mas nos aliamos con la empresa mas puntera en la elaboración de estructuras cad-cam (por ordenador) CREATECH MEDICAL,  a rehabilitaciones estéticas del mas alto nivel de exigencia.</p>
<p style="text-align: justify;">Siguiendo con esta trayectoria y con el afán que nos caracteriza en ser pioneros e innovar asumimos un nuevo reto además de  la mejora en las instalaciones y la modernización de las mismas lanzamos un nuevo servicio de MEDICINA ESTÉTICA FACIAL, que es algo que venimos echando de menos para completar nuestros tratamientos estéticos más exigentes. Incorporamos al equipo un nuevo profesional  MÉDICO ESPECIALISTA EN MEDICINA MAXILOFACIAL Y ESTÉTICA. Estos tratamientos del resto se llevaran a cabo en un  consultorio-quirófano dotado específicamente para esta labor.</p>
<p style="text-align: justify;">Después de 30 años de andadura seguimos asumiendo nuestro compromiso diario de dar a nuestros pacientes el mejor servicio y la mejor calidad. Para ello damos las gracias a un gran equipo de profesionales de los que tenemos el honor de contar y los que disfrutamos cada día de nuestra existencia. En esta amplia trayectoria fue un honor haber contado con algunos profesionales tanto empleados como colaboradores de los que hemos aprendido mucho y sin lo cual esto no hubiese sido posible. Para cerrar este círculo nos queda dar las gracias a los más de 10.000 pacientes que han confiado en nosotros y siguen haciéndolo hoy en día.</p>
<p style="text-align: justify;">Ahí queda nuestro compromiso por el buen hacer de nuestro trabajo, con ética y total honestidad anteponiendo la salud y bienestar de los pacientes a los que nos debemos ante cualquier otro interés.</p>
<p style="text-align: justify;">Esperamos estar a vuestra altura.</p>
<p style="text-align: justify;">Gracias</p>
<p style="text-align: justify;">Ángel Gundín y Pilar Carracedo.</p>
<p>[/vc_column_text][vc_single_image image=»924&#8243; img_size=»large»][/vc_column][vc_column width=»1/6&#8243;][/vc_column][/vc_row]</p>

<p>[vc_row][vc_column width=»1/6&#8243;][/vc_column][vc_column width=»2/3&#8243;][vc_column_text css_animation=»fadeInUp»] Historia [/vc_column_text][vc_column_text css_animation=»fadeIn»] En el año 1990 comenzamos nuestra andadura en el mundo de la prótesis dental montando nuestro laboratorio en el que prestábamos nuestros  servicios a odontólogos de toda la provincia. Tras una década de experiencia damos el salto a la odontología para poder dar al paciente un trato más [&hellip;]</p>
